{"id":1541,"date":"2024-09-19T12:55:46","date_gmt":"2024-09-19T09:55:46","guid":{"rendered":"https:\/\/www2.nerviot.com\/?post_type=product&#038;p=1541"},"modified":"2025-04-08T14:31:50","modified_gmt":"2025-04-08T11:31:50","slug":"digital-matter-yabby3","status":"publish","type":"product","link":"https:\/\/www2.nerviot.com\/index.php\/product\/digital-matter-yabby3\/","title":{"rendered":"Digital Matter Yabby3 -paikannuslaite"},"content":{"rendered":"<p>Laite tarjoaa jopa yli 10 vuoden akunkeston 3 x AAA-litiumparistoilla, ja sen IP68- ja IK06-luokitellut kotelot takaavat vesitiiviin ja iskunkest\u00e4v\u00e4n suorituskyvyn.\u00a0 Laite on t\u00e4ysin johdoton ja sen voi asentaa helposti useilla kiinnitysvaihtoehdoilla, kuten ruuveilla, magneeteilla tai teollisilla liimoilla. Yabby3 her\u00e4\u00e4 liikkeest\u00e4 ja siirtyy virtaa s\u00e4\u00e4st\u00e4v\u00e4\u00e4n tilaan ollessaan paikallaan, mik\u00e4 pident\u00e4\u00e4 laitteen k\u00e4ytt\u00f6ik\u00e4\u00e4 entisest\u00e4\u00e4n.<\/p>\n<p>Yabby3 sopii erinomaisesti omaisuuden, kuten ajoneuvojen, laitteiden, konttien ja ty\u00f6kalujen pitk\u00e4aikaiseen ja luotettavaan seurantaan.<\/p>\n<ul>\n<li>Digital Matter Yabby3<\/li>\n<li>Paristok\u00e4ytt\u00f6inen GPS-seurantalaite<\/li>\n<li>3 x AAA-litiumparistot (k\u00e4ytt\u00e4j\u00e4n vaihdettavissa)<\/li>\n<li>Akunkesto yli 10 vuotta<\/li>\n<li>Kotelo\u00a0IP68 (vesitiivis ja p\u00f6lytiivis), IK06 (iskunkest\u00e4v\u00e4)<\/li>\n<li>Yhteydet\u00a0LTE-M\/NB-IoT, LoRaWAN<\/li>\n<li>Paikannusj\u00e4rjestelm\u00e4t\u00a0GPS, GLONASS, Galileo, QZSS<\/li>\n<li>Mukautuva seuranta, liikeherkk\u00e4 toiminto (her\u00e4\u00e4 liikkeest\u00e4, nukkuu paikallaan)<\/li>\n<li>Salattu tiedonsiirto<\/li>\n<\/ul>\n","protected":false},"excerpt":{"rendered":"<p>Digital Matter Yabby3 on kompakti ja eritt\u00e4in kest\u00e4v\u00e4 GPS-seurantalaite, joka on suunniteltu erityisesti pitk\u00e4aikaiseen omaisuuden seurantaan haastavissa ymp\u00e4rist\u00f6iss\u00e4.<\/p>\n","protected":false},"featured_media":1765,"comment_status":"closed","ping_status":"closed","template":"","meta":[],"product_brand":[],"product_cat":[49,41],"product_tag":[],"class_list":{"0":"post-1541","1":"product","2":"type-product","3":"status-publish","4":"has-post-thumbnail","6":"product_cat-maatalous","7":"product_cat-paikannus","9":"first","10":"instock","11":"taxable","12":"shipping-taxable","13":"purchasable","14":"product-type-simple"},"yoast_head":"<!-- This site is optimized with the Yoast SEO plugin v27.4 - https:\/\/yoast.com\/product\/yoast-seo-wordpress\/ -->\n<title>Digital Matter Yabby3 -paikannuslaite - Nerviot IoT<\/title>\n<meta name=\"description\" content=\"Pitk\u00e4ik\u00e4inen ja kest\u00e4v\u00e4 GPS-seurantalaite, joka tarjoaa luotettavan omaisuuden seurannan haastavissakin olosuhteissa, kuten ajoneuvojen, laitteiden ja konttien seurannassa\" \/>\n<meta name=\"robots\" content=\"index, follow, max-snippet:-1, max-image-preview:large, max-video-preview:-1\" \/>\n<link rel=\"canonical\" href=\"https:\/\/www2.nerviot.com\/index.php\/product\/digital-matter-yabby3\/\" \/>\n<meta property=\"og:locale\" content=\"fi_FI\" \/>\n<meta property=\"og:type\" content=\"article\" \/>\n<meta property=\"og:title\" content=\"Digital Matter Yabby3 -paikannuslaite - Nerviot IoT\" \/>\n<meta property=\"og:description\" content=\"Pitk\u00e4ik\u00e4inen ja kest\u00e4v\u00e4 GPS-seurantalaite, joka tarjoaa luotettavan omaisuuden seurannan haastavissakin olosuhteissa, kuten ajoneuvojen, laitteiden ja konttien seurannassa\" \/>\n<meta property=\"og:url\" content=\"https:\/\/www2.nerviot.com\/index.php\/product\/digital-matter-yabby3\/\" \/>\n<meta property=\"og:site_name\" content=\"Nerviot IoT\" \/>\n<meta property=\"article:publisher\" content=\"https:\/\/www.facebook.com\/secorasystems\" \/>\n<meta property=\"article:modified_time\" content=\"2025-04-08T11:31:50+00:00\" \/>\n<meta property=\"og:image\" content=\"https:\/\/www2.nerviot.com\/wp-content\/uploads\/2024\/09\/YABBY3_kk.png\" \/>\n\t<meta property=\"og:image:width\" content=\"500\" \/>\n\t<meta property=\"og:image:height\" content=\"500\" \/>\n\t<meta property=\"og:image:type\" content=\"image\/png\" \/>\n<meta name=\"twitter:card\" content=\"summary_large_image\" \/>\n<meta name=\"twitter:label1\" content=\"Arvioitu lukuaika\" \/>\n\t<meta name=\"twitter:data1\" content=\"1 minuutti\" \/>\n<script type=\"application\/ld+json\" class=\"yoast-schema-graph\">{\"@context\":\"https:\\\/\\\/schema.org\",\"@graph\":[{\"@type\":\"WebPage\",\"@id\":\"https:\\\/\\\/www2.nerviot.com\\\/index.php\\\/product\\\/digital-matter-yabby3\\\/\",\"url\":\"https:\\\/\\\/www2.nerviot.com\\\/index.php\\\/product\\\/digital-matter-yabby3\\\/\",\"name\":\"Digital Matter Yabby3 -paikannuslaite - Nerviot IoT\",\"isPartOf\":{\"@id\":\"https:\\\/\\\/www2.nerviot.com\\\/#website\"},\"primaryImageOfPage\":{\"@id\":\"https:\\\/\\\/www2.nerviot.com\\\/index.php\\\/product\\\/digital-matter-yabby3\\\/#primaryimage\"},\"image\":{\"@id\":\"https:\\\/\\\/www2.nerviot.com\\\/index.php\\\/product\\\/digital-matter-yabby3\\\/#primaryimage\"},\"thumbnailUrl\":\"https:\\\/\\\/www2.nerviot.com\\\/wp-content\\\/uploads\\\/2024\\\/09\\\/YABBY3_kk.png\",\"datePublished\":\"2024-09-19T09:55:46+00:00\",\"dateModified\":\"2025-04-08T11:31:50+00:00\",\"description\":\"Pitk\u00e4ik\u00e4inen ja kest\u00e4v\u00e4 GPS-seurantalaite, joka tarjoaa luotettavan omaisuuden seurannan haastavissakin olosuhteissa, kuten ajoneuvojen, laitteiden ja konttien seurannassa\",\"breadcrumb\":{\"@id\":\"https:\\\/\\\/www2.nerviot.com\\\/index.php\\\/product\\\/digital-matter-yabby3\\\/#breadcrumb\"},\"inLanguage\":\"fi\",\"potentialAction\":[{\"@type\":\"ReadAction\",\"target\":[\"https:\\\/\\\/www2.nerviot.com\\\/index.php\\\/product\\\/digital-matter-yabby3\\\/\"]}]},{\"@type\":\"ImageObject\",\"inLanguage\":\"fi\",\"@id\":\"https:\\\/\\\/www2.nerviot.com\\\/index.php\\\/product\\\/digital-matter-yabby3\\\/#primaryimage\",\"url\":\"https:\\\/\\\/www2.nerviot.com\\\/wp-content\\\/uploads\\\/2024\\\/09\\\/YABBY3_kk.png\",\"contentUrl\":\"https:\\\/\\\/www2.nerviot.com\\\/wp-content\\\/uploads\\\/2024\\\/09\\\/YABBY3_kk.png\",\"width\":500,\"height\":500},{\"@type\":\"BreadcrumbList\",\"@id\":\"https:\\\/\\\/www2.nerviot.com\\\/index.php\\\/product\\\/digital-matter-yabby3\\\/#breadcrumb\",\"itemListElement\":[{\"@type\":\"ListItem\",\"position\":1,\"name\":\"Home\",\"item\":\"https:\\\/\\\/www2.nerviot.com\\\/\"},{\"@type\":\"ListItem\",\"position\":2,\"name\":\"Nerviot Verkkokauppa\",\"item\":\"https:\\\/\\\/www2.nerviot.com\\\/?page_id=1352\"},{\"@type\":\"ListItem\",\"position\":3,\"name\":\"Digital Matter Yabby3 -paikannuslaite\"}]},{\"@type\":\"WebSite\",\"@id\":\"https:\\\/\\\/www2.nerviot.com\\\/#website\",\"url\":\"https:\\\/\\\/www2.nerviot.com\\\/\",\"name\":\"Nerviot IoT | Condition Monitoring | Olosuhdemittaus | Kylm\u00e4laitteiden seuranta | Alipaine-erojen mittaus\",\"description\":\"nerviot.com remote monitoring\",\"publisher\":{\"@id\":\"https:\\\/\\\/www2.nerviot.com\\\/#organization\"},\"potentialAction\":[{\"@type\":\"SearchAction\",\"target\":{\"@type\":\"EntryPoint\",\"urlTemplate\":\"https:\\\/\\\/www2.nerviot.com\\\/?s={search_term_string}\"},\"query-input\":{\"@type\":\"PropertyValueSpecification\",\"valueRequired\":true,\"valueName\":\"search_term_string\"}}],\"inLanguage\":\"fi\"},{\"@type\":\"Organization\",\"@id\":\"https:\\\/\\\/www2.nerviot.com\\\/#organization\",\"name\":\"Nerviot IoT | Condition Monitoring | Olosuhdemittaus | Kylm\u00e4laitteiden seuranta | Alipaine-erojen mittaus\",\"url\":\"https:\\\/\\\/www2.nerviot.com\\\/\",\"logo\":{\"@type\":\"ImageObject\",\"inLanguage\":\"fi\",\"@id\":\"https:\\\/\\\/www2.nerviot.com\\\/#\\\/schema\\\/logo\\\/image\\\/\",\"url\":\"https:\\\/\\\/www2.nerviot.com\\\/wp-content\\\/uploads\\\/2024\\\/07\\\/Nerviot_logo_400x150px.png\",\"contentUrl\":\"https:\\\/\\\/www2.nerviot.com\\\/wp-content\\\/uploads\\\/2024\\\/07\\\/Nerviot_logo_400x150px.png\",\"width\":400,\"height\":150,\"caption\":\"Nerviot IoT | Condition Monitoring | Olosuhdemittaus | Kylm\u00e4laitteiden seuranta | Alipaine-erojen mittaus\"},\"image\":{\"@id\":\"https:\\\/\\\/www2.nerviot.com\\\/#\\\/schema\\\/logo\\\/image\\\/\"},\"sameAs\":[\"https:\\\/\\\/www.facebook.com\\\/secorasystems\",\"https:\\\/\\\/www.linkedin.com\\\/company\\\/secora-systems\\\/\"]}]}<\/script>\n<!-- \/ Yoast SEO plugin. -->","yoast_head_json":{"title":"Digital Matter Yabby3 -paikannuslaite - Nerviot IoT","description":"Pitk\u00e4ik\u00e4inen ja kest\u00e4v\u00e4 GPS-seurantalaite, joka tarjoaa luotettavan omaisuuden seurannan haastavissakin olosuhteissa, kuten ajoneuvojen, laitteiden ja konttien seurannassa","robots":{"index":"index","follow":"follow","max-snippet":"max-snippet:-1","max-image-preview":"max-image-preview:large","max-video-preview":"max-video-preview:-1"},"canonical":"https:\/\/www2.nerviot.com\/index.php\/product\/digital-matter-yabby3\/","og_locale":"fi_FI","og_type":"article","og_title":"Digital Matter Yabby3 -paikannuslaite - Nerviot IoT","og_description":"Pitk\u00e4ik\u00e4inen ja kest\u00e4v\u00e4 GPS-seurantalaite, joka tarjoaa luotettavan omaisuuden seurannan haastavissakin olosuhteissa, kuten ajoneuvojen, laitteiden ja konttien seurannassa","og_url":"https:\/\/www2.nerviot.com\/index.php\/product\/digital-matter-yabby3\/","og_site_name":"Nerviot IoT","article_publisher":"https:\/\/www.facebook.com\/secorasystems","article_modified_time":"2025-04-08T11:31:50+00:00","og_image":[{"width":500,"height":500,"url":"https:\/\/www2.nerviot.com\/wp-content\/uploads\/2024\/09\/YABBY3_kk.png","type":"image\/png"}],"twitter_card":"summary_large_image","twitter_misc":{"Arvioitu lukuaika":"1 minuutti"},"schema":{"@context":"https:\/\/schema.org","@graph":[{"@type":"WebPage","@id":"https:\/\/www2.nerviot.com\/index.php\/product\/digital-matter-yabby3\/","url":"https:\/\/www2.nerviot.com\/index.php\/product\/digital-matter-yabby3\/","name":"Digital Matter Yabby3 -paikannuslaite - Nerviot IoT","isPartOf":{"@id":"https:\/\/www2.nerviot.com\/#website"},"primaryImageOfPage":{"@id":"https:\/\/www2.nerviot.com\/index.php\/product\/digital-matter-yabby3\/#primaryimage"},"image":{"@id":"https:\/\/www2.nerviot.com\/index.php\/product\/digital-matter-yabby3\/#primaryimage"},"thumbnailUrl":"https:\/\/www2.nerviot.com\/wp-content\/uploads\/2024\/09\/YABBY3_kk.png","datePublished":"2024-09-19T09:55:46+00:00","dateModified":"2025-04-08T11:31:50+00:00","description":"Pitk\u00e4ik\u00e4inen ja kest\u00e4v\u00e4 GPS-seurantalaite, joka tarjoaa luotettavan omaisuuden seurannan haastavissakin olosuhteissa, kuten ajoneuvojen, laitteiden ja konttien seurannassa","breadcrumb":{"@id":"https:\/\/www2.nerviot.com\/index.php\/product\/digital-matter-yabby3\/#breadcrumb"},"inLanguage":"fi","potentialAction":[{"@type":"ReadAction","target":["https:\/\/www2.nerviot.com\/index.php\/product\/digital-matter-yabby3\/"]}]},{"@type":"ImageObject","inLanguage":"fi","@id":"https:\/\/www2.nerviot.com\/index.php\/product\/digital-matter-yabby3\/#primaryimage","url":"https:\/\/www2.nerviot.com\/wp-content\/uploads\/2024\/09\/YABBY3_kk.png","contentUrl":"https:\/\/www2.nerviot.com\/wp-content\/uploads\/2024\/09\/YABBY3_kk.png","width":500,"height":500},{"@type":"BreadcrumbList","@id":"https:\/\/www2.nerviot.com\/index.php\/product\/digital-matter-yabby3\/#breadcrumb","itemListElement":[{"@type":"ListItem","position":1,"name":"Home","item":"https:\/\/www2.nerviot.com\/"},{"@type":"ListItem","position":2,"name":"Nerviot Verkkokauppa","item":"https:\/\/www2.nerviot.com\/?page_id=1352"},{"@type":"ListItem","position":3,"name":"Digital Matter Yabby3 -paikannuslaite"}]},{"@type":"WebSite","@id":"https:\/\/www2.nerviot.com\/#website","url":"https:\/\/www2.nerviot.com\/","name":"Nerviot IoT | Condition Monitoring | Olosuhdemittaus | Kylm\u00e4laitteiden seuranta | Alipaine-erojen mittaus","description":"nerviot.com remote monitoring","publisher":{"@id":"https:\/\/www2.nerviot.com\/#organization"},"potentialAction":[{"@type":"SearchAction","target":{"@type":"EntryPoint","urlTemplate":"https:\/\/www2.nerviot.com\/?s={search_term_string}"},"query-input":{"@type":"PropertyValueSpecification","valueRequired":true,"valueName":"search_term_string"}}],"inLanguage":"fi"},{"@type":"Organization","@id":"https:\/\/www2.nerviot.com\/#organization","name":"Nerviot IoT | Condition Monitoring | Olosuhdemittaus | Kylm\u00e4laitteiden seuranta | Alipaine-erojen mittaus","url":"https:\/\/www2.nerviot.com\/","logo":{"@type":"ImageObject","inLanguage":"fi","@id":"https:\/\/www2.nerviot.com\/#\/schema\/logo\/image\/","url":"https:\/\/www2.nerviot.com\/wp-content\/uploads\/2024\/07\/Nerviot_logo_400x150px.png","contentUrl":"https:\/\/www2.nerviot.com\/wp-content\/uploads\/2024\/07\/Nerviot_logo_400x150px.png","width":400,"height":150,"caption":"Nerviot IoT | Condition Monitoring | Olosuhdemittaus | Kylm\u00e4laitteiden seuranta | Alipaine-erojen mittaus"},"image":{"@id":"https:\/\/www2.nerviot.com\/#\/schema\/logo\/image\/"},"sameAs":["https:\/\/www.facebook.com\/secorasystems","https:\/\/www.linkedin.com\/company\/secora-systems\/"]}]}},"_links":{"self":[{"href":"https:\/\/www2.nerviot.com\/index.php\/wp-json\/wp\/v2\/product\/1541","targetHints":{"allow":["GET"]}}],"collection":[{"href":"https:\/\/www2.nerviot.com\/index.php\/wp-json\/wp\/v2\/product"}],"about":[{"href":"https:\/\/www2.nerviot.com\/index.php\/wp-json\/wp\/v2\/types\/product"}],"replies":[{"embeddable":true,"href":"https:\/\/www2.nerviot.com\/index.php\/wp-json\/wp\/v2\/comments?post=1541"}],"wp:featuredmedia":[{"embeddable":true,"href":"https:\/\/www2.nerviot.com\/index.php\/wp-json\/wp\/v2\/media\/1765"}],"wp:attachment":[{"href":"https:\/\/www2.nerviot.com\/index.php\/wp-json\/wp\/v2\/media?parent=1541"}],"wp:term":[{"taxonomy":"product_brand","embeddable":true,"href":"https:\/\/www2.nerviot.com\/index.php\/wp-json\/wp\/v2\/product_brand?post=1541"},{"taxonomy":"product_cat","embeddable":true,"href":"https:\/\/www2.nerviot.com\/index.php\/wp-json\/wp\/v2\/product_cat?post=1541"},{"taxonomy":"product_tag","embeddable":true,"href":"https:\/\/www2.nerviot.com\/index.php\/wp-json\/wp\/v2\/product_tag?post=1541"}],"curies":[{"name":"wp","href":"https:\/\/api.w.org\/{rel}","templated":true}]}}